er?
False
Is 21169039 composite?
True
Is 37041223 a prime number?
False
Is 52694351 prime?
False
Is 82926199 a prime number?
True
Is 24168047 a prime number?
True
Is 11153287 a composite number?
False
Is 205822493 composite?
True
Is 1030279 prime?
False
Is 10581197 prime?
False
Is 5854883 composite?
False
Is 297833 a composite number?
False
Is 3270149 a composite number?
True
Is 2081941 a prime number?
False
Is 282942499 a composite number?
True
Is 63992671 composite?
False
Is 325301 a composite number?
False
Is 107910827 a prime number?
False
Is 5627579 a composite number?
False
Is 90349397 a prime number?
True
Is 238197287 a composite number?
True
Is 33769689 a composite number?
True
Is 2453601 prime?
False
Is 42919753 composite?
False
Is 3340114 prime?
False
Is 2467853 a composite number?
True
Is 7258633 composite?
True
Is 6377285 a prime number?
False
Is 17574629 composite?
False
Is 5234969 a composite number?
True
Is 1072627 a composite number?
False
Is 1145471 a prime number?
False
Is 35340911 a composite number?
True
Is 17875907 a composite number?
True
Is 557600237 composite?
False
Is 9591563 a composite number?
True
Is 158939 composite?
True
Is 140468533 prime?
False
Is 1604231 a composite number?
False
Is 113749 prime?
True
Is 22563623 a prime number?
True
Is 7872413 a prime number?
True
Is 300743071 prime?
False
Is 2271151 composite?
False
Is 179539879 a prime number?
False
Is 20885615 a prime number?
False
Is 94289 a composite number?
True
Is 6542219 prime?
True
Is 4176277 a prime number?
False
Is 2482309 a prime number?
True
Is 639359597 a prime number?
True
Is 4840043 a prime number?
False
Is 780523 composite?
False
Is 7340329 a prime number?
True
Is 120808661 a composite number?
False
Is 1332083 a prime number?
False
Is 7371883 a composite number?
False
Is 195279193 prime?
True
Is 1269217 composite?
True
Is 13521778 a composite number?
True
Is 4463603 composite?
False
Is 33880199 a composite number?
False
Is 12432731 prime?
True
Is 12376913 composite?
False
Is 548813 a prime number?
False
Is 392824351 a composite number?
True
Is 2862803 a composite number?
False
Is 65487137 a prime number?
True
Is 1363393 a prime number?
True
Is 16612447 prime?
False
Is 194227 a composite number?
True
Is 54180013 a prime number?
True
Is 61004039 prime?
True
Is 13954999 prime?
True
Is 530513 a composite number?
False
Is 421451 prime?
False
Is 1834597 a composite number?
False
Is 490199113 prime?
True
Is 5530429 a composite number?
False
Is 185435 a composite number?
True
Is 82803419 a prime number?
True
Is 92518869 a composite number?
True
Is 3061703 a prime number?
True
Is 3028213 composite?
False
Is 17211241 a prime number?
True
Is 58376729 a prime number?
True
Is 34002391 a composite number?
True
Is 807181 prime?
True
Is 3538813 a composite number?
False
Is 4293749 a composite number?
False
Is 207562097 a prime number?
False
Is 37899203 a prime number?
True
Is 37629694 a composite number?
True
Is 983163154 prime?
False
Is 686738827 a composite number?
False
Is 429757343 a prime number?
True
Is 121771771 prime?
False
Is 12691501 composite?
False
Is 32924579 a prime number?
True
Is 536636959 composite?
True
Is 1463791931 a prime number?
False
Is 535273 composite?
False
Is 326883493 a prime number?
False
Is 7900349 prime?
True
Is 46797827 composite?
False
Is 10188071 a prime number?
True
Is 13373959 composite?
True
Is 81139991 a composite number?
False
Is 998497 prime?
True
Is 8717 prime?
False
Is 32410361 prime?
True
Is 246024481 a composite number?
False
Is 589497 composite?
True
Is 34486141 composite?
False
Is 320183677 a prime number?
False
Is 51223537 prime?
True
Is 12343181 composite?
True
Is 6672137 prime?
True
Is 98449343 a prime number?
True
Is 11872769 a composite number?
True
Is 2804717 prime?
True
Is 550353599 composite?
False
Is 9851837 prime?
True
Is 106778941 a prime number?
False
Is 6234607 a composite number?
True
Is 102126589 prime?
True
Is 81624482 prime?
False
Is 13566103 prime?
False
Is 9401011 prime?
False
Is 2718743 a prime number?
True
Is 172679387 prime?
False
Is 244377457 prime?
False
Is 426383635 a composite number?
True
Is 9309269 a prime number?
False
Is 21203671 prime?
True
Is 27931679 a composite number?
True
Is 35753279 composite?
False
Is 128866 composite?
True
Is 2838478 a prime number?
False
Is 16909651 a prime number?
False
Is 84385477 a composite number?
True
Is 87637453 a prime number?
True
Is 12022883 a prime number?
True
Is 17999857 prime?
False
Is 12827159 prime?
True
Is 11448839 a prime number?
True
Is 6005991 a prime number?
False
Is 3613651 composite?
True
Is 15412837 composite?
True
Is 99861 prime?
False
Is 2073163 a prime number?
True
Is 19318837 composite?
False
Is 4663157 composite?
False
Is 3482431 a prime number?
False
Is 314767 a composite number?
True
Is 306689 a composite number?
False
Is 107056907 composite?
True
Is 1357423 prime?
True
Is 56027791 a prime number?
True
Is 392879 composite?
False
Is 140665237 prime?
True
Is 69969643 prime?
False
Is 6736973 composite?
False
Is 20800667 composite?
False
Is 30976171 a composite number?
True
Is 31682531 prime?
False
Is 93705631 prime?
False
Is 137067457 a composite number?
False
Is 63476089 prime?
True
Is 9025451 prime?
True
Is 855611 a prime number?
False
Is 57159647 a composite number?
False
Is 44364281 a composite number?
True
Is 307067 a composite number?
False
Is 465407 composite?
False
Is 1487299 prime?
False
Is 13925533 a prime number?
False
Is 2998633 composite?
True
Is 425121769 a prime number?
True
Is 6292523 composite?
True
Is 1974701 prime?
True
Is 11752259 a prime number?
False
Is 2916293 composite?
False
Is 426013 a composite number?
True
Is 2001233 prime?
False
Is 1402986743 a composite number?
False
Is 53718817 a prime number?
False
Is 986237 prime?
False
Is 19753157 prime?
True
Is 1819331 a composite number?
True
Is 3315973 a composite number?
True
Is 14177411 composite?
False
Is 196696211 a composite number?
False
Is 4833443 a composite number?
False
Is 138990989 a composite number?
True
Is 5165129 composite?
True
Is 1293899 composite?
False
Is 10397003 a composite number?
False
Is 243305798 a prime number?
False
Is 14615929 a prime number?
True
Is 544800901 composite?
True
Is 2997103 prime?
False
Is 69196241 prime?
True
Is 295663 composite?
False
Is 364501 a composite number?
True
Is 1852327 a prime number?
True
Is 76333847 a composite number?
True
Is 73082123 a composite number?
False
Is 928631 a prime number?
False
Is 133902581 a prime number?
True
Is 594536095 a prime number?
False
Is 1245943 composite?
False
Is 140525279 prime?
False
Is 79838881 prime?
True
Is 45299921 composite?
False
Is 37368731 composite?
False
Is 4287755 composite?
True
Is 13496277 a composite number?
True
Is 37726021 prime?
True
Is 3099813 composite?
True
Is 23905041 prime?
False
Is 32932411 a composite number?
True
Is 4498261 a prime number?
False
Is 1728053 a composite number?
True
Is 188822449 composite?
False
Is 764681 a composite number?
True
Is 14523713 prime?
False
Is 18266671 a prime number?
True
Is 120299603 composite?
False
Is 7328593 composite?
True
Is 18219739 prime?
True
Is 68968447 prime?
False
Is 1394573 a composite number?
False
Is 35242345 composite?
True
Is 3692181 a composite number?
True
Is 132085831 prime?
False
Is 10652185 a composite number?
True
Is 10473251 prime?
True
Is 1897672253 prime?
False
Is 3879143 a composite number?
False
Is 4565443 a composite number?
False
Is 18639377 prime?
True
Is 4434499 composite?
True
Is 10617653 a prime number?
True
Is 162363 a prime number?
False
Is 70715101 composite?
False
Is 450793 prime?
False
Is 106323067 prime?
False
Is 43451 composite?
False
Is 793231557 a composite number?
True
Is 1508376673 prime?
True
Is 5098881 prime?
False
Is 1957979 a prime number?
False
Is 3116431 composite?
True
Is 20379691 composite?
False
Is 14394973 prime?
False
Is 42774311 a prime number?
True
Is 208870433 a prime number?
True
Is 4162307 a composite number?
True
Is 11117461 prime?
False
Is 308779031 a prime number?
False
Is 106110097 prime?
True
Is 391093 a prime number?
False
Is 1065481 a composite number?
True
Is 865637 a composite number?
False
Is 427512031 a prime number?
True
Is 9589991 composite?
Fal